5*h - 13. Let t(v) = v**3 + 8*v**2 + 6*v - 5. What is the units digit of t(h)?
1
Let x = 3 - 7. Let m(g) = -g + 2. Let i be m(4). Let h = i - x. What is the units digit of h?
2
Let w(y) = 2*y - 3. What is the units digit of w(14)?
5
Suppose 0*z + 60 = 3*z. What is the units digit of z?
0
Suppose 44 + 472 = 2*x. What is the units digit of x?
8
Suppose 0 = -5*t + t + 124. What is the tens digit of t?
3
Let b be ((-2)/(-3))/(4/36). Suppose 3 = k - 3*t + 13, 4*k - t - 4 = 0. Suppose 0 = -m - k*h + 11, h - b*h + 5 = 0. What is the units digit of m?
9
Suppose 3*u + 4*m - 9 = -0*m, -5*m - 9 = -3*u. Suppose -2*x - 3 = -13. Suppose 0 = -l + x - u. What is the units digit of l?
2
Suppose -2*k = -8, -42 = -p - 2*k - 2*k. What is the units digit of p/8 - (-1)/(-4)?
3
Suppose 11*i - 30 = 6*i. What is the units digit of i?
6
Let c = -6 - -3. Let i = c - -5. Suppose -r - m = -i, 0 = -3*m + 5*m. What is the units digit of r?
2
Suppose g - 123 = -4*b, b = -0*g - g + 135. What is the units digit of g?
9
Let g(m) be the first derivative of m**6/60 + m**3/6 - 3*m**2/2 - 3. Let z(d) be the second derivative of g(d). What is the units digit of z(1)?
3
Suppose 5*s = -0*s + 15. Suppose s = 2*i - 3. What is the units digit of i?
3
Let u = -1 + 3. Suppose 0 = 3*y - 6, -y - u*y = 4*x - 14. Suppose 1 + 2 = 5*t + x*z, 7 = 2*t - 5*z. What is the units digit of t?
1
Suppose -2*n + n - 18 = 2*u, 0 = -3*u + 2*n - 27. Let q = u + 13. What is the tens digit of 2/q + (-222)/(-12)?
1
Let t = 9 + 54. What is the units digit of t?
3
Let p = 17 + -7. Let b(c) = -c**3 + 9*c**2 + 10*c + 2. What is the units digit of b(p)?
2
Let n(c) = c - 5. Let x be n(11). Let p be (6/18)/(1/3). Suppose 0 = -h + x - p. What is the units digit of h?
5
Suppose 13*y = 3947 - 1438. What is the units digit of y?
3
Suppose -5*t - 4 = -3*t. Let j = 41 + -67. What is the units digit of j*t*(-3)/(-12)?
3
Suppose p - 5*y = 2*p - 25, 0 = p + 3*y - 15. Suppose 3*d - 27 = -2*u - p, 5*d - 2*u = 29. What is the units digit of d?
7
Let m(a) = 3*a**2 + 2*a - 27. What is the tens digit of m(-7)?
0
Suppose 4*x + 4*l = 120, 45 = -0*x + 2*x - 3*l. Suppose 3*i - 3*o + 6 - x = 0, 17 = 3*i - o. Let g(k) = k**2 - 2*k. What is the tens digit of g(i)?
1
Suppose 8 = 3*s + 2. Suppose 0 = -t + b + s*b - 119, -5*t = 3*b + 505. What is the units digit of (-6)/(-27) - t/18?
6
Let y(o) = o + 1 + 3*o + 0. Let c be y(-1). Let a(x) = x**2 + 4*x + 4. What is the units digit of a(c)?
1
Let y = -66 + 98. What is the units digit of y?
2
Let g(s) = s**3 + 4*s**2 + 3*s + 2. Let h be g(-2). Let i(l) = 2*l - 2. Let q be i(h). Let t = 15 - q. What is the units digit of t?
9
Suppose 2*j + 5 - 3 = 0. Let w = 5 - j. What is the units digit of w?
6
Let f be 0 + 2 + 4 + -1. Suppose -2*l = -3*i - 2*i, 4*i - f*l = 17. Let b = i + 5. What is the units digit of b?
3
What is the units digit of 410*-2*6/(-24)?
5
Suppose -2*h - 3*h - 18 = g, -5*h + 4*g = 3. Let w be 2/(-3 + (-7)/(-3)). What is the units digit of (-18)/w + h - -4?
7
Suppose 0 = h - 4. Suppose h*n - 84 = 3*r, 3*n + 71 = -4*r - 16. What is the units digit of 1/4 + (-66)/r?
3
Let z be 2/(-4) - (-3)/6. Suppose 0 = -2*k - 4*q + 30, z = -3*k + 4*k + q - 16. What is the units digit of (-5 - 6/(-3)) + k?
4
Let u = 37 - 12. What is the units digit of u?
5
What is the tens digit of 28/((9/(-6))/(9/(-6)))?
2
Suppose -7*u - u + 1232 = 0. What is the tens digit of u?
5
Suppose -3*i + 12 = i. Suppose -2 = -4*g + i*g. What is the units digit of g?
2
Suppose -3*c - 3 = -48. What is the tens digit of c?
1
Suppose 5 = 10*s - 5*s. Let l be 2/(-3)*(-3)/s. Suppose 4*x = l*x + 26. What is the units digit of x?
3
Suppose 0 = 17*i - 19*i + 6. What is the units digit of i - (-3 + -1 + 1)?
6
What is the units digit of 1 + -1 - 0 - (-26550)/90?
5
Let w(n) = -n**2 - 8*n - 4. Let a be w(-5). Suppose 0 = 3*z + a + 7. What is the units digit of (-2)/(-2)*z*-1?
6
Let m(q) = -q**3 + 2*q**2 + 4*q + 4. Let a be m(4). Let o = 153 + -389. What is the units digit of o/a - 4/6?
9
Let s(n) = 2*n + 16. Let b be s(-11). Let z(r) = -r**3 - 5*r**2 + r + 3. What is the tens digit of z(b)?
3
Let g be (-6)/(-4)*(-12)/(-9). Let j be -10 + ((-2)/g - -1). What is the units digit of 2/4 + (-5)/j?
1
Let x be 5/2*(-24)/1. What is the tens digit of (9/18)/((-2)/x)?
1
Let y = 193 - 121. What is the units digit of y?
2
Let q = -10 + 68. What is the units digit of q?
8
Let g = 32 + -26. Suppose 0 = -4*c + 12, -c + 4*c = 3*q. Suppose -12 = q*a - g*a. What is the units digit of a?
4
Let o = 112 + -23. What is the units digit of o?
9
Suppose -3*y + 2*y = -1. Suppose -15 - y = -2*c. What is the units digit of c?
8
Let c(n) = n**3 + 8*n**2 + 5. Let u(x) = -x**2 - 8*x + 9. Let m be u(-7). Suppose 0*a - m = 2*a. What is the units digit of c(a)?
5
Let m be 33 - 7/((-7)/2). What is the units digit of (-10)/m + (-254)/(-7)?
6
Let z = 42 + -38. What is the units digit of z?
4
Suppose -4*x - 13 = -93. Suppose 4 = 2*j - 4, x = 2*w + 4*j. Suppose -w = 5*g - 3*g - 2*k, -15 = -3*k. What is the units digit of g?
4
Let n = -31 - -173. What is the hundreds digit of n?
1
Let r(i) be the third derivative of i**4/24 + 5*i**3/6 + 4*i**2. What is the units digit of r(4)?
9
Suppose 24*u = 30*u - 492. What is the tens digit of u?
8
Let s be (0 - (2 + -1))*1. What is the tens digit of -2*13*s/2?
1
Let l be (-1)/(-3) - (-4)/6. What is the units digit of l*(-1 + 2 - -5)?
6
Let n be -2 + (-3 + -2 - -3). What is the units digit of 175/(-14)*n/5?
0
Let d(t) = t**3 + 4. Let p(z) = 0*z - 6*z + z**2 + 0*z**2. Let x be p(6). What is the units digit of d(x)?
4
What is the units digit of 10*2/(-2)*-4?
0
Let w = 3 - -3. Let o = -6 + w. Suppose -2*i + i = -x + 9, -x - 3*i - 3 = o. What is the units digit of x?
6
Suppose 4*m = -20, 0 = -2*i - m - 0*m + 7. Let d = 12 - i. What is the units digit of d?
6
Let g = 39 - 33. What is the units digit of g?
6
Suppose 13*a = 10*a + 150. What is the units digit of a?
0
Let k(w) = w + 16. Let f be k(-8). Let y = f + 0. What is the units digit of y?
8
Let u = 57 - -256. What is the tens digit of u?
1
Let s be -2*6/(-16)*8. Let m(j) = j**3 - 4*j**2 - 7*j - 3. What is the tens digit of m(s)?
2
Suppose 277 + 206 = 3*z. What is the hundreds digit of z?
1
Let g(z) = 14*z + 9 + z**2 - 5*z - 2. Let x be g(-6). Let s = x + 21. What is the tens digit of s?
1
Let w = 6 + -1. Suppose -2*l = -w - 1. Suppose -8 = -5*v + 3*i, -l*v - 2 = 4*i + i. What is the units digit of v?
1
Let p(h) = -h**2 - h + 2. Let v be p(-2). Suppose v = -2*a + 3*a - 2, 0 = s - 5*a + 8. What is the units digit of s?
2
Let b be (-128)/(-4) + (-4)/2. Suppose b = 4*v + v. What is the units digit of v?
6
Let w(h) = -h**2 + 19*h - 18. What is the units digit of w(14)?
2
Let l(m) = 3*m + 1. Let y be l(-2). Let j(c) = -c**2 - 6*c - 2. Let a be j(y). Suppose 2*q + 6 = 5*o - 7, a*o + 3 = 3*q. What is the units digit of q?
6
Let h be ((-16)/(-6))/(3/(-18)). Let p = h - -22. What is the units digit of (0 + (-2)/(-6))*p?
2
Suppose -3*i + 7*i = 120. Let n = i + -7. What is the tens digit of n?
2
Let t = 2 + -2. Let z(a) = 3*a**2 + t + 1 + 2*a**2. What is the units digit of z(-1)?
6
What is the tens digit of -1*1*(2 - -29)*-5?
5
Let n be ((-10)/15)/(2/294). Let t = n + 150. What is the tens digit of t?
5
Let k be 2*1 + (3 - -5). Suppose 3*m + g - k = 0, -3*m + 8*m - 22 = g. Suppose 2*p - 35 = -m*t - t, -5*p - 52 = -3*t. What is the units digit of t?
9
Suppose 2*d = -1 + 5. What is the units digit of d?
2
Let v(m) = 7*m - 19. What is the tens digit of v(9)?
4
Let p be (-17)/2 - (-9)/6. What is the units digit of 1 - -24 - (-5 - p)?
3
What is the units digit of (-1)/((-3)/(1 - -110) + 0)?
7
Let z(o) = -5*o - 3. What is the tens digit of z(-3)?
1
Let q(g) = g**2 + 3*g - 7. Let t be q(-5). Let c(f) = 4*f**2 - 4*f + 3. What is the units digit of c(t)?
7
Let x be 6 + 2 + -1 + -4. Let k = 0 + 3. Suppose -k - x = -2*w. What is the units digit of w?
3
Let k(r) = 5*r**2 - 9*r + 4. Let s(v) = 14*v**2 - 26*v + 13. Let z(t) = -8*k(t) + 3*s(t). What is the units digit of z(6)?
3
Let q = 17 + -10. Suppose 2*u = 4 + 2. Suppose u*c + 28 = q*c. What is the units digit of c?
7
Suppose 0 = 3*l - 2*t + 13, -2*l = -0*l + 4*t + 30. Let j = l - -14. What is the units digit of j?
7
Suppose -6*h = -3*h - 57. Suppose -4*a =